{"id":447,"date":"2026-03-08T16:19:05","date_gmt":"2026-03-08T14:19:05","guid":{"rendered":"https:\/\/xn--hrhelinen-07ae.fi\/?page_id=447"},"modified":"2026-03-09T18:34:10","modified_gmt":"2026-03-09T16:34:10","slug":"horheloisen-blogi","status":"publish","type":"page","link":"https:\/\/xn--hrhelinen-07ae.fi\/index.php\/horheloisen-blogi\/","title":{"rendered":"H\u00f6rhel\u00f6isen blogi"},"content":{"rendered":"\n<div class=\"wp-block-group is-nowrap is-layout-flex wp-container-core-group-is-layout-6c531013 wp-block-group-is-layout-flex\">\n<div class=\"wp-block-query alignfull is-layout-flow wp-block-query-is-layout-flow\">\n<div class=\"wp-block-group alignfull is-layout-flow wp-block-group-is-layout-flow\" style=\"padding-top:0;padding-right:0;padding-bottom:0;padding-left:0\"><ul style=\"text-transform:none;\" class=\"wp-block-post-template is-layout-flow wp-block-post-template-is-layout-flow\"><li class=\"wp-block-post post-562 post type-post status-publish format-standard hentry category-neulominen category-yleinen tag-huiviohje tag-ilmainen-neuleohje tag-langan-valinta tag-neulehuivi tag-pitsihuivi\">\n\n<div class=\"wp-block-group is-layout-flow wp-block-group-is-layout-flow\" style=\"border-bottom-color:var(--wp--preset--color--contrast);border-bottom-width:1px\">\n<div class=\"wp-block-group is-content-justification-space-between is-nowrap is-layout-flex wp-container-core-group-is-layout-dd9de04e wp-block-group-is-layout-flex\" style=\"padding-top:16px;padding-right:16px;padding-bottom:16px;padding-left:16px\">\n<div class=\"wp-block-group is-nowrap is-layout-flex wp-container-core-group-is-layout-89a94f6a wp-block-group-is-layout-flex\">\n<p>\u2734\ufe0e<\/p>\n\n\n<div style=\"text-transform:uppercase; margin-top:0;margin-right:0;margin-bottom:0;margin-left:0;\" class=\"has-text-align-left has-link-color wp-elements-c2d22607ed32bab79e93ee116eca0bca wp-block-post-date has-text-color has-contrast-color has-small-font-size\"><time datetime=\"2026-03-28T09:05:47+02:00\">maalis 28, 2026<\/time><\/div><\/div>\n\n\n<div style=\"text-transform:uppercase\" class=\"taxonomy-category has-link-color wp-elements-d846021732facad792835971f80af878 wp-block-post-terms has-text-color has-contrast-color\"><span class=\"wp-block-post-terms__prefix\">\u2734\ufe0e <\/span><a href=\"https:\/\/xn--hrhelinen-07ae.fi\/index.php\/category\/neulominen\/\" rel=\"tag\">neulominen<\/a><span class=\"wp-block-post-terms__separator\">, <\/span><a href=\"https:\/\/xn--hrhelinen-07ae.fi\/index.php\/category\/yleinen\/\" rel=\"tag\">yleinen<\/a><\/div><\/div>\n<\/div>\n\n\n\n<div class=\"wp-block-group is-vertical is-layout-flex wp-container-core-group-is-layout-4bcb09c9 wp-block-group-is-layout-flex\" style=\"padding-top:16px;padding-right:16px;padding-bottom:var(--wp--preset--spacing--70);padding-left:16px\"><h2 style=\"font-size:clamp(1.301rem, 1.301rem + ((1vw - 0.2rem) * 0.761), 2.1rem);font-style:normal;font-weight:500;line-height:1.1;text-transform:uppercase; margin-top:0;margin-right:0;margin-bottom:0;margin-left:0;\" class=\"has-link-color wp-elements-ee21f275be9256452828cdc6fbe3882a wp-block-post-title has-text-color has-contrast-color\"><a href=\"https:\/\/xn--hrhelinen-07ae.fi\/index.php\/2026\/03\/28\/rimpsu-suora-langat\/\" target=\"_self\" >Rimpsu, Suora &amp; langat<\/a><\/h2><\/div>\n\n<\/li><li class=\"wp-block-post post-499 post type-post status-publish format-standard hentry category-yleinen category-neulesuunnittelu category-rahapuhe tag-neuleohje tag-neuleohjeen-tilaaminen tag-neulesuunnittelija tag-virkkausohje\">\n\n<div class=\"wp-block-group is-layout-flow wp-block-group-is-layout-flow\" style=\"border-bottom-color:var(--wp--preset--color--contrast);border-bottom-width:1px\">\n<div class=\"wp-block-group is-content-justification-space-between is-nowrap is-layout-flex wp-container-core-group-is-layout-dd9de04e wp-block-group-is-layout-flex\" style=\"padding-top:16px;padding-right:16px;padding-bottom:16px;padding-left:16px\">\n<div class=\"wp-block-group is-nowrap is-layout-flex wp-container-core-group-is-layout-89a94f6a wp-block-group-is-layout-flex\">\n<p>\u2734\ufe0e<\/p>\n\n\n<div style=\"text-transform:uppercase; margin-top:0;margin-right:0;margin-bottom:0;margin-left:0;\" class=\"has-text-align-left has-link-color wp-elements-c2d22607ed32bab79e93ee116eca0bca wp-block-post-date has-text-color has-contrast-color has-small-font-size\"><time datetime=\"2026-03-08T22:08:02+02:00\">maalis 8, 2026<\/time><\/div><\/div>\n\n\n<div style=\"text-transform:uppercase\" class=\"taxonomy-category has-link-color wp-elements-d846021732facad792835971f80af878 wp-block-post-terms has-text-color has-contrast-color\"><span class=\"wp-block-post-terms__prefix\">\u2734\ufe0e <\/span><a href=\"https:\/\/xn--hrhelinen-07ae.fi\/index.php\/category\/yleinen\/\" rel=\"tag\">yleinen<\/a><span class=\"wp-block-post-terms__separator\">, <\/span><a href=\"https:\/\/xn--hrhelinen-07ae.fi\/index.php\/category\/neulesuunnittelu\/\" rel=\"tag\">neulesuunnittelu<\/a><span class=\"wp-block-post-terms__separator\">, <\/span><a href=\"https:\/\/xn--hrhelinen-07ae.fi\/index.php\/category\/rahapuhe\/\" rel=\"tag\">rahapuhe<\/a><\/div><\/div>\n<\/div>\n\n\n\n<div class=\"wp-block-group is-vertical is-layout-flex wp-container-core-group-is-layout-4bcb09c9 wp-block-group-is-layout-flex\" style=\"padding-top:16px;padding-right:16px;padding-bottom:var(--wp--preset--spacing--70);padding-left:16px\"><h2 style=\"font-size:clamp(1.301rem, 1.301rem + ((1vw - 0.2rem) * 0.761), 2.1rem);font-style:normal;font-weight:500;line-height:1.1;text-transform:uppercase; margin-top:0;margin-right:0;margin-bottom:0;margin-left:0;\" class=\"has-link-color wp-elements-ee21f275be9256452828cdc6fbe3882a wp-block-post-title has-text-color has-contrast-color\"><a href=\"https:\/\/xn--hrhelinen-07ae.fi\/index.php\/2026\/03\/08\/miten-neuleohjeen-voi-tilata\/\" target=\"_self\" >Miten neuleohjeen voi tilata?<\/a><\/h2><\/div>\n\n<\/li><li class=\"wp-block-post post-492 post type-post status-publish format-standard hentry category-neulesuunnittelu category-rahapuhe category-yrittajyys tag-kevytyrittaja tag-neulesuunnittelu tag-sijoittaminen tag-yrittajyys\">\n\n<div class=\"wp-block-group is-layout-flow wp-block-group-is-layout-flow\" style=\"border-bottom-color:var(--wp--preset--color--contrast);border-bottom-width:1px\">\n<div class=\"wp-block-group is-content-justification-space-between is-nowrap is-layout-flex wp-container-core-group-is-layout-dd9de04e wp-block-group-is-layout-flex\" style=\"padding-top:16px;padding-right:16px;padding-bottom:16px;padding-left:16px\">\n<div class=\"wp-block-group is-nowrap is-layout-flex wp-container-core-group-is-layout-89a94f6a wp-block-group-is-layout-flex\">\n<p>\u2734\ufe0e<\/p>\n\n\n<div style=\"text-transform:uppercase; margin-top:0;margin-right:0;margin-bottom:0;margin-left:0;\" class=\"has-text-align-left has-link-color wp-elements-c2d22607ed32bab79e93ee116eca0bca wp-block-post-date has-text-color has-contrast-color has-small-font-size\"><time datetime=\"2026-03-08T20:58:57+02:00\">maalis 8, 2026<\/time><\/div><\/div>\n\n\n<div style=\"text-transform:uppercase\" class=\"taxonomy-category has-link-color wp-elements-d846021732facad792835971f80af878 wp-block-post-terms has-text-color has-contrast-color\"><span class=\"wp-block-post-terms__prefix\">\u2734\ufe0e <\/span><a href=\"https:\/\/xn--hrhelinen-07ae.fi\/index.php\/category\/neulesuunnittelu\/\" rel=\"tag\">neulesuunnittelu<\/a><span class=\"wp-block-post-terms__separator\">, <\/span><a href=\"https:\/\/xn--hrhelinen-07ae.fi\/index.php\/category\/rahapuhe\/\" rel=\"tag\">rahapuhe<\/a><span class=\"wp-block-post-terms__separator\">, <\/span><a href=\"https:\/\/xn--hrhelinen-07ae.fi\/index.php\/category\/yrittajyys\/\" rel=\"tag\">yritt\u00e4jyys<\/a><\/div><\/div>\n<\/div>\n\n\n\n<div class=\"wp-block-group is-vertical is-layout-flex wp-container-core-group-is-layout-4bcb09c9 wp-block-group-is-layout-flex\" style=\"padding-top:16px;padding-right:16px;padding-bottom:var(--wp--preset--spacing--70);padding-left:16px\"><h2 style=\"font-size:clamp(1.301rem, 1.301rem + ((1vw - 0.2rem) * 0.761), 2.1rem);font-style:normal;font-weight:500;line-height:1.1;text-transform:uppercase; margin-top:0;margin-right:0;margin-bottom:0;margin-left:0;\" class=\"has-link-color wp-elements-ee21f275be9256452828cdc6fbe3882a wp-block-post-title has-text-color has-contrast-color\"><a href=\"https:\/\/xn--hrhelinen-07ae.fi\/index.php\/2026\/03\/08\/horheloyrittajyys\/\" target=\"_self\" >H\u00f6rhel\u00f6yritt\u00e4jyys<\/a><\/h2><\/div>\n\n<\/li><\/ul><\/div>\n\n\n\n<div class=\"wp-block-group is-layout-flow wp-block-group-is-layout-flow\" style=\"margin-top:0;margin-bottom:0;padding-top:var(--wp--preset--spacing--30);padding-right:16px;padding-bottom:var(--wp--preset--spacing--30);padding-left:16px\"><nav class=\"wp-block-query-pagination is-content-justification-left is-nowrap is-layout-flex wp-container-core-query-pagination-is-layout-fc9f69e7 wp-block-query-pagination-is-layout-flex\" aria-label=\"Sivutus\">\n\n\n<a href=\"\/index.php\/wp-json\/wp\/v2\/pages\/447?query-31-page=2\" style=\"text-transform:uppercase;\" class=\"wp-block-query-pagination-next has-small-font-size\">Seuraava<\/a>\n<\/nav><\/div>\n<\/div>\n<\/div>\n\n\n\n<div class=\"wp-block-group alignfull has-base-color has-contrast-background-color has-text-color has-background has-link-color wp-elements-796de6a244a61ae29dfd7176afb75518 has-global-padding is-layout-constrained wp-container-core-group-is-layout-d89aad35 wp-block-group-is-layout-constrained\" style=\"margin-top:0;margin-bottom:0;padding-top:var(--wp--preset--spacing--50);padding-right:var(--wp--preset--spacing--50);padding-bottom:var(--wp--preset--spacing--50);padding-left:var(--wp--preset--spacing--50)\">\n<h2 class=\"wp-block-heading alignwide has-base-color has-text-color has-link-color wp-elements-beb7f8ed46545bf2ed75386f82e37430\" style=\"font-size:clamp(4.509rem, 4.509rem + ((1vw - 0.2rem) * 5.23), 10rem);letter-spacing:-0.02em\">Info &amp; navigointi<\/h2>\n\n\n\n<div class=\"wp-block-group alignwide is-layout-flow wp-block-group-is-layout-flow\">\n<hr class=\"wp-block-separator has-text-color has-base-color has-alpha-channel-opacity has-base-background-color has-background is-style-wide\" style=\"margin-top:var(--wp--preset--spacing--30);margin-bottom:var(--wp--preset--spacing--30)\"\/>\n\n\n\n<h3 class=\"wp-block-heading alignwide has-base-2-color has-text-color has-link-color wp-elements-d6573202f106534afb4096a451d333df\">H\u00f6rhel\u00f6inen<\/h3>\n\n\n\n<figure class=\"wp-block-image size-large is-resized is-style-rounded is-style-rounded--1\"><a href=\"https:\/\/holvi.com\/shop\/horheloinen\/product\/d87db9663d7f7cb3f897f523f0d0ba6e\/\" target=\"_blank\" rel=\"noopener\"><img loading=\"lazy\" decoding=\"async\" width=\"768\" height=\"1024\" src=\"https:\/\/xn--hrhelinen-07ae.fi\/wp-content\/uploads\/2026\/03\/IMG20250823131510-768x1024.jpg\" alt=\"Pastelliv\u00e4rinen neuletoppi, valkoinen kukkaseppele, valkoinen pitsihame, kes\u00e4inen p\u00e4iv\u00e4\" class=\"wp-image-408\" style=\"aspect-ratio:0.7500123098133832;width:210px;height:auto\" srcset=\"https:\/\/xn--hrhelinen-07ae.fi\/wp-content\/uploads\/2026\/03\/IMG20250823131510-768x1024.jpg 768w, https:\/\/xn--hrhelinen-07ae.fi\/wp-content\/uploads\/2026\/03\/IMG20250823131510-225x300.jpg 225w, https:\/\/xn--hrhelinen-07ae.fi\/wp-content\/uploads\/2026\/03\/IMG20250823131510-1152x1536.jpg 1152w, https:\/\/xn--hrhelinen-07ae.fi\/wp-content\/uploads\/2026\/03\/IMG20250823131510-1536x2048.jpg 1536w, https:\/\/xn--hrhelinen-07ae.fi\/wp-content\/uploads\/2026\/03\/IMG20250823131510.jpg 1620w\" sizes=\"auto, (max-width: 768px) 100vw, 768px\" \/><\/a><figcaption class=\"wp-element-caption\">Riemu-toppi<\/figcaption><\/figure>\n\n\n\n<p class=\"has-contrast-1-color has-text-color has-link-color wp-elements-89dfffb0ef7f9959682a827fa5dcd378\">Neulesuunnittelija, neulootikko, lankojen &amp; kirjojen yst\u00e4v\u00e4, oman el\u00e4m\u00e4ns\u00e4 prinsessa.<\/p>\n\n\n\n<hr class=\"wp-block-separator has-text-color has-base-color has-alpha-channel-opacity has-base-background-color has-background is-style-wide\" style=\"margin-top:var(--wp--preset--spacing--30);margin-bottom:var(--wp--preset--spacing--30)\"\/>\n\n\n\n<h3 class=\"wp-block-heading alignwide has-base-2-color has-text-color has-link-color wp-elements-26d1f039d1c168ee92d9ccf22b0bb863\">Mit\u00e4 haluaisit lukea?<\/h3>\n\n\n<ul class=\"wp-block-categories-list wp-block-categories\">\t<li class=\"cat-item cat-item-15\"><a href=\"https:\/\/xn--hrhelinen-07ae.fi\/index.php\/category\/neulesuunnittelu\/\">neulesuunnittelu<\/a>\n<\/li>\n\t<li class=\"cat-item cat-item-33\"><a href=\"https:\/\/xn--hrhelinen-07ae.fi\/index.php\/category\/neulominen\/\">neulominen<\/a>\n<\/li>\n\t<li class=\"cat-item cat-item-24\"><a href=\"https:\/\/xn--hrhelinen-07ae.fi\/index.php\/category\/rahapuhe\/\">rahapuhe<\/a>\n<\/li>\n\t<li class=\"cat-item cat-item-1\"><a href=\"https:\/\/xn--hrhelinen-07ae.fi\/index.php\/category\/yleinen\/\">yleinen<\/a>\n<\/li>\n\t<li class=\"cat-item cat-item-23\"><a href=\"https:\/\/xn--hrhelinen-07ae.fi\/index.php\/category\/yrittajyys\/\">yritt\u00e4jyys<\/a>\n<\/li>\n<\/ul>\n\n\n<hr class=\"wp-block-separator has-text-color has-base-color has-alpha-channel-opacity has-base-background-color has-background is-style-wide\" style=\"margin-top:var(--wp--preset--spacing--30);margin-bottom:var(--wp--preset--spacing--30)\"\/>\n\n\n\n<h3 class=\"wp-block-heading alignwide has-base-2-color has-text-color has-link-color wp-elements-5006c54799b1c970f3dd4e24c613cd56\">Kaipaatko lis\u00e4\u00e4?<\/h3>\n\n\n\n<p class=\"has-contrast-1-color has-text-color has-link-color wp-elements-a12645ebda9dddc1e2917403d8996c44\">P\u00e4ivitt\u00e4ist\u00e4 h\u00f6rhel\u00f6inti\u00e4 p\u00e4\u00e4set seuraamaan <a href=\"https:\/\/www.instagram.com\/horheloinen\/\" target=\"_blank\" rel=\"noopener\">Instagramissa @horheloinen <\/a><\/p>\n\n\n\n<hr class=\"wp-block-separator has-text-color has-base-color has-alpha-channel-opacity has-base-background-color has-background is-style-wide\" style=\"margin-top:var(--wp--preset--spacing--30);margin-bottom:var(--wp--preset--spacing--30)\"\/>\n\n\n\n<h3 class=\"wp-block-heading alignwide has-base-2-color has-text-color has-link-color wp-elements-042b3a39361eb2ebaf77649af0bf31bc\">Yhteystiedot<\/h3>\n\n\n\n<p class=\"has-contrast-1-color has-text-color has-link-color wp-elements-b3a1861bbd364f8ef469e93f4b52cc53\">s\u00e4hk\u00f6posti horheloinendesign@gmail.com<\/p>\n\n\n\n<p>Voit my\u00f6s l\u00e4hett\u00e4\u00e4 viesti\u00e4 Instagramissa @horheloinen!<\/p>\n\n\n\n<p>Y-tunnus 3204727-6<\/p>\n\n\n\n<div style=\"margin-top:var(--wp--preset--spacing--10);margin-bottom:0;height:16px\" aria-hidden=\"true\" class=\"wp-block-spacer\"><\/div>\n<\/div>\n<\/div>\n","protected":false},"excerpt":{"rendered":"<p>Info &amp; navigointi H\u00f6rhel\u00f6inen Neulesuunnittelija, neulootikko, lankojen &amp; kirjojen yst\u00e4v\u00e4, oman el\u00e4m\u00e4ns\u00e4 prinsessa. Mit\u00e4 haluaisit lukea? Kaipaatko lis\u00e4\u00e4? P\u00e4ivitt\u00e4ist\u00e4 h\u00f6rhel\u00f6inti\u00e4 p\u00e4\u00e4set seuraamaan Instagramissa @horheloinen Yhteystiedot s\u00e4hk\u00f6posti horheloinendesign@gmail.com Voit my\u00f6s l\u00e4hett\u00e4\u00e4 viesti\u00e4 Instagramissa @horheloinen! Y-tunnus 3204727-6<\/p>\n","protected":false},"author":1,"featured_media":0,"parent":0,"menu_order":0,"comment_status":"closed","ping_status":"closed","template":"","meta":{"footnotes":""},"class_list":["post-447","page","type-page","status-publish","hentry"],"_links":{"self":[{"href":"https:\/\/xn--hrhelinen-07ae.fi\/index.php\/wp-json\/wp\/v2\/pages\/447","targetHints":{"allow":["GET"]}}],"collection":[{"href":"https:\/\/xn--hrhelinen-07ae.fi\/index.php\/wp-json\/wp\/v2\/pages"}],"about":[{"href":"https:\/\/xn--hrhelinen-07ae.fi\/index.php\/wp-json\/wp\/v2\/types\/page"}],"author":[{"embeddable":true,"href":"https:\/\/xn--hrhelinen-07ae.fi\/index.php\/wp-json\/wp\/v2\/users\/1"}],"replies":[{"embeddable":true,"href":"https:\/\/xn--hrhelinen-07ae.fi\/index.php\/wp-json\/wp\/v2\/comments?post=447"}],"version-history":[{"count":26,"href":"https:\/\/xn--hrhelinen-07ae.fi\/index.php\/wp-json\/wp\/v2\/pages\/447\/revisions"}],"predecessor-version":[{"id":528,"href":"https:\/\/xn--hrhelinen-07ae.fi\/index.php\/wp-json\/wp\/v2\/pages\/447\/revisions\/528"}],"wp:attachment":[{"href":"https:\/\/xn--hrhelinen-07ae.fi\/index.php\/wp-json\/wp\/v2\/media?parent=447"}],"curies":[{"name":"wp","href":"https:\/\/api.w.org\/{rel}","templated":true}]}}